{"id":14,"date":"2021-05-20T15:02:05","date_gmt":"2021-05-20T13:02:05","guid":{"rendered":"https:\/\/www.champagne-billiard.fr\/shop\/?post_type=product&#038;p=14"},"modified":"2023-03-27T09:15:26","modified_gmt":"2023-03-27T07:15:26","slug":"privilege","status":"publish","type":"product","link":"https:\/\/www.champagne-billiard.fr\/shop\/produit\/privilege\/","title":{"rendered":"Privil\u00e8ge"},"content":{"rendered":"<p>La cuv\u00e9e privil\u00e8ge refl\u00e8te la philosophie de la Maison dans sa recherche de la puret\u00e9 du vin via la maturit\u00e9 du fruit. Pinot Noir (80 %) et Chardonnay (20 %) exclusivement issus de notre terroir Premier Cru. Elle s\u2019invite naturellement pour un cocktail, un ap\u00e9ritif.<\/p>\n<p>Vendu par carton de 6 bouteilles.<\/p>\n","protected":false},"excerpt":{"rendered":"<p>La cuv\u00e9e privil\u00e8ge refl\u00e8te la philosophie de la Maison dans sa recherche de la puret\u00e9 du vin via la maturit\u00e9 du fruit. Pinot Noir (80 %) et Chardonnay (20 %) exclusivement issus de notre terroir Premier Cru. Elle s\u2019invite naturellement pour un cocktail, un ap\u00e9ritif. Vendu par carton de 6 bouteilles.<\/p>\n","protected":false},"featured_media":148,"template":"","meta":[],"product_cat":[16],"product_tag":[],"class_list":["post-14","product","type-product","status-publish","has-post-thumbnail","hentry","product_cat-gamme-classique","entry"],"acf":[],"_links":{"self":[{"href":"https:\/\/www.champagne-billiard.fr\/shop\/wp-json\/wp\/v2\/product\/14","targetHints":{"allow":["GET"]}}],"collection":[{"href":"https:\/\/www.champagne-billiard.fr\/shop\/wp-json\/wp\/v2\/product"}],"about":[{"href":"https:\/\/www.champagne-billiard.fr\/shop\/wp-json\/wp\/v2\/types\/product"}],"wp:featuredmedia":[{"embeddable":true,"href":"https:\/\/www.champagne-billiard.fr\/shop\/wp-json\/wp\/v2\/media\/148"}],"wp:attachment":[{"href":"https:\/\/www.champagne-billiard.fr\/shop\/wp-json\/wp\/v2\/media?parent=14"}],"wp:term":[{"taxonomy":"product_cat","embeddable":true,"href":"https:\/\/www.champagne-billiard.fr\/shop\/wp-json\/wp\/v2\/product_cat?post=14"},{"taxonomy":"product_tag","embeddable":true,"href":"https:\/\/www.champagne-billiard.fr\/shop\/wp-json\/wp\/v2\/product_tag?post=14"}],"curies":[{"name":"wp","href":"https:\/\/api.w.org\/{rel}","templated":true}]}}